hat is -3a791 + 8b5?
-39a98
In base 10, what is 616221 + -4?
616217
In base 4, what is -202001032 - -121?
-202000311
In base 5, what is -1200022010 + 3?
-1200022002
In base 15, what is 48c91d5 - 2?
48c91d3
In base 15, what is 1eeca - -a6?
20081
In base 11, what is 25a95235 + 5?
25a9523a
In base 11, what is 27909a85 - -5?
27909a8a
In base 11, what is -58598 + 372?
-58226
In base 4, what is 113033331 - 10202?
113023123
In base 14, what is 33 - 41519?
-414c6
In base 12, what is -4 + 3731772?
373176a
In base 5, what is 431 - 32133304?
-32132323
In base 9, what is 0 + -11530274?
-11530274
In base 4, what is 1320 - -20002322122?
20002330102
In base 2, what is 10011010100001101101 + 1110001?
10011010100011011110
In base 11, what is 117 - -5a2999?
5a3005
In base 12, what is -2106b248 + 5?
-2106b243
In base 14, what is 4478ac - -d2?
4479a0
In base 15, what is 9ed0 - c65?
926a
In base 9, what is -75376 + -57?
-75444
In base 7, what is -3652 - 13102?
-20054
In base 7, what is 1631 - 230551?
-225620
In base 2, what is 1010110 - 1100110001010?
-1100100110100
In base 10, what is 41 - -28198079?
28198120
In base 11, what is 9 + -11231452?
-11231444
In base 8, what is 43 + 4520472?
4520535
In base 9, what is 18 + -1471673?
-1471654
In base 14, what is -3cc712 - -7d?
-3cc673
In base 8, what is -24 - -66615233?
66615207
In base 14, what is -46c6717 - -2a?
-46c66cb
In base 3, what is -200220112112 + -2?
-200220112121
In base 10, what is -855269372 - 4?
-855269376
In base 11, what is -3 + -792978?
-792980
In base 4, what is -11103133121011 + -13?
-11103133121030
In base 12, what is -2a + -117a1a?
-117a48
In base 8, what is 4 + 501056202?
501056206
In base 14, what is 25533c9 + -4?
25533c5
In base 9, what is 5 + 35658431?
35658436
In base 9, what is 111445717 + -3?
111445714
In base 16, what is -3 + -1bac18?
-1bac1b
In base 8, what is -1 + -347345456?
-347345457
In base 3, what is 11 + 121121201201211?
121121201201222
In base 15, what is -9d + -73b7ce?
-73b87c
In base 12, what is 9b68 + -11613?
-3667
In base 8, what is 274 - 72057?
-71563
In base 13, what is 2b955bc - 4?
2b955b8
In base 9, what is 45 + -464857?
-464812
In base 4, what is 3 - -3300020102100?
3300020102103
In base 5, what is -12021400413 + -10?
-12021400423
In base 9, what is 3 + 16614018?
16614022
In base 11, what is 47a4 - 4284?
520
In base 7, what is -2002460 + -1012?
-2003502
In base 2, what is 111111100100010001001001 + -11111?
111111100100010000101010
In base 11, what is 12a70454 + -2?
12a70452
In base 13, what is -4 + -5a3438?
-5a343c
In base 7, what is -13464221165 - 0?
-13464221165
In base 8, what is -57 + -4562246?
-4562325
In base 14, what is 1061da4 + -1?
1061da3
In base 4, what is 322133131 + 301323?
323101120
In base 11, what is -43 - 8a511?
-8a554
In base 11, what is 88896 + -557?
8833a
In base 16, what is 34f1d86 + -2?
34f1d84
In base 6, what is 1453512403 + -10?
1453512353
In base 10, what is -11059746 + -1?
-11059747
In base 5, what is 11 + 13443401033?
13443401044
In base 15, what is 767814a - -1?
767814b
In base 5, what is -43310 - -14032?
-24223
In base 11, what is 1 + 12543884?
12543885
In base 2, what is 100010011110110101110 + 1000?
100010011110110110110
In base 7, what is 26560552216 + -3?
26560552213
In base 10, what is 4 - -21367049?
21367053
In base 6, what is 1554 + -13412220?
-13410222
In base 2, what is 111100011100011100 - 11111101011?
111011111100110001
In base 13, what is -2c72bab - -18?
-2c72b93
In base 5, what is -2 + -223343430?
-223343432
In base 10, what is 32 - 521327?
-521295
In base 3, what is 10122 + -102122212222?
-102122202100
In base 10, what is 648319 - -128?
648447
In base 15, what is -261db93 + 1?
-261db92
In base 13, what is 203a50 - 4c?
203a01
In base 9, what is 255642 + -23?
255618
In base 11, what is 16 - -69176?
69191
In base 14, what is -61a697c - -5?
-61a6977
In base 14, what is 1875 + 209d?
3934
In base 13, what is 32 + 235bb0?
235c12
In base 12, what is -18755578 - -9?
-1875556b
In base 7, what is -1444 + 242005?
240231
In base 10, what is -102433 + 136?
-102297
In base 8, what is -6401120 - 22?
-6401142
In base 8, what is -440671 + 101?
-440570
In base 11, what is -5 + 3627972?
3627968
In base 12, what is -12b976 + 29a?
-12b698
In base 4, what is 2111113213 - -122032?
2111301311
In base 14, what is -4 + -1466796?
-146679a
In base 6, what is 20243501302 + -5?
20243501253
In base 16, what is 6d4 + -376?
35e
In base 12, what is 48418 - 3a?
4839a
In base 5, what is -220411443 + -31?
-220412024
In base 5, what is -221404230 + -11?
-221404241
In base 9, what is 387576 + 43?
387630
In base 3, what is -1020121 + -1022021?
-2112212
In base 10, what is 30375 + -350?
30025
In base 5, what is 3204 + -110031313?
-110023104
In base 12, what is 894 + 5740?
6414
In base 9, what is 18205210 + -43?
18205156
In base 11, what is -1 - -8735141?
8735140
In base 4, what is 1 + 13203021233002?
13203021233003
In base 5, what is -21304241130 + -33?
-21304241213
In base 9, what is 32001572 - -7?
32001580
In base 3, what is 12011221221 - -211110?
12012210101
In base 7, what is -33 - -5104115?
5104052
In base 14, what is 177 - -29a0?
2b37
In base 14, what is 20d - -4c500?
4c70d
In base 16, what is -1f5a + 109a?
-ec0
In base 8, what is 154442033 + -1?
154442032
In base 15, what is 9765c + 2a?
97687
In base 12, what is -bab2 + 3134?
-897a
In base 13, what is 8b8 - 15c196?
-15b5ab
In base 8, what is -24442700 + -4?
-24442704
In base 3, what is 1202101221011000 - 102?
1202101221010121
In base 4, what is -10 - -11210033232202?
11210033232132
In base 9, what is -1488 + -217628?
-220227
In base 5, what is -12114 - -31323224?
31311110
In base 2, what is 1000 + -10001010000001000?
-10001010000000000
In base 5, what is 334033 - -401411?
1240444
In base 14, what is 37726 - 652?
370b4
In base 3, what is 10 + 2011121012220?
2011121020000
In base 5, what is -1123201 + -44?
-1123300
In base 11, what is 171 - -132815?
132986
In base 16, what is -2 + 1c9a183?
1c9a181
In base 14, what is -223ab47 - 6?
-223ab4d
In base 6, what is -2050 + -211002354?
-211004444
In base 3, what is 200101112 - 10122?
200020220
In base 7, what is -3666462 - -103?
-3666356
In base 14, what is -5c3 - d45?
-1528
In base 2, what is 1101111010000001 + -110111?
1101111001001010
In base 13, what is 37722 + -139?
375b6
In base 2, what is -110 - 10001100101011001111111?
-10001100101011010000101
In base 3, what is 0 - 120022202022101000?
-120022202022101000
In base 11, what is 4 + -64339?
-64335
In base 16, what is 3f + -5a004?
-59fc5
In base 9, what is -40 - 37500?
-37540
In base 5, what is -1243442 - -1?
-1243441
In base 15, what is 2 + 307842?
307844
In base 6, what is -510 + 345540?
345030
In base 12, what is -133114 + -484?
-133598
In base 10, what is 13243 + 74212?
87455
In base 14, what is 8061 - -578?
85d9
In base 5, what is 1 - 200113014?
-200113013
In base 3, what is 1002011220210 - -212?
1002011221122
In base 6, what is -215134335 - 13?
-215134352
In base 16, what is 5 - 74636?
-74631
In base 14, what is 5864 - 147?
571b
In base 6, what is -314325 + -10552?
-325321
In base 9, what is -22 + 207806?
207774
In base 6, what is -104123 - -42130?
-21553
In base 3, what is -211011110201122001 - 12?
-211011110201122020
In base 2, what is -101001 - 100110001101011001000?
-100110001101011110001
In base 12, what is 175 + 406254?
406409
In base 9, what is -2770 + -3666?
-6546
In base 11, what is -70791899 + 2?
-70791897
In base 12, what is -885a5899 + -5?
-885a58a2
In base 9, what is 54 - 1041772?
-1041717
In base 6, what is 3 - 340325532?
-340325525
In base 2, what is 1111010 + -10101001001110000111101?
-10101001001101111000011
In base 14, what is 5 + 177c45?
177c4a
In base 6, what is 3 + 10123123303?
10123123310
In base 6, what is 1241000 - 23511?
1213045
In base 11, what is 405 - -147713?
148018
In base 4, what is -1300221 + 10313?
-1223302
In base 8, what is 150100 - 200?
147700
In base 7, what is 644545 + -26?
644516
In base 6, what is 0 + -4554503354?
-4554503354
In base 5, what is 30 + -242232110?
-242232030
In base 14, what is -5c - 12ab2?
-12b30
In base 5, what is -210 + 1034020031?
1034014321
In base 9, what is 1 - 250114?
-250113
In base 6, what is 33454211 + 33?
33454244
In base 3, what is 1100 - -20220